the greatest common factor of 11394 and 54.
54
Calculate the greatest common factor of 3834 and 710.
142
Calculate the highest common divisor of 660 and 48.
12
Calculate the greatest common divisor of 790 and 10.
10
Calculate the highest common divisor of 656 and 41.
41
Calculate the greatest common factor of 21 and 2618.
7
What is the greatest common factor of 372 and 1023?
93
What is the highest common factor of 15 and 15735?
15
What is the highest common factor of 132 and 33?
33
What is the greatest common factor of 336 and 378?
42
What is the greatest common divisor of 323 and 57?
19
What is the highest common factor of 2216 and 56?
8
What is the greatest common divisor of 40 and 100?
20
Calculate the greatest common factor of 42 and 14.
14
What is the greatest common factor of 27 and 1512?
27
Calculate the greatest common divisor of 133 and 57.
19
What is the greatest common divisor of 62 and 6014?
62
Calculate the highest common divisor of 62 and 155.
31
What is the greatest common divisor of 7 and 203?
7
Calculate the greatest common factor of 95 and 1040.
5
Calculate the highest common divisor of 31 and 31.
31
What is the greatest common divisor of 176 and 33?
11
What is the highest common divisor of 360 and 54?
18
Calculate the highest common divisor of 402 and 3819.
201
Calculate the greatest common factor of 62 and 93.
31
What is the highest common divisor of 64 and 6?
2
What is the highest common divisor of 893 and 323?
19
What is the greatest common factor of 417 and 9?
3
What is the highest common factor of 1260 and 360?
180
Calculate the highest common factor of 24 and 3.
3
What is the highest common factor of 1269 and 27?
27
What is the highest common factor of 4 and 16?
4
What is the greatest common divisor of 561 and 132?
33
Calculate the highest common factor of 628 and 20.
4
What is the highest common divisor of 6930 and 18?
18
What is the greatest common divisor of 18 and 36?
18
What is the greatest common factor of 28 and 3780?
28
What is the greatest common divisor of 372 and 2664?
12
What is the greatest common divisor of 3612 and 588?
84
Calculate the highest common divisor of 3584 and 160.
32
Calculate the highest common divisor of 58 and 145.
29
What is the highest common factor of 15 and 285?
15
What is the highest common divisor of 656 and 64?
16
What is the highest common divisor of 501 and 6?
3
What is the highest common divisor of 354 and 42?
6
Calculate the highest common divisor of 406 and 14.
14
What is the greatest common factor of 45 and 72?
9
What is the greatest common divisor of 328 and 1435?
41
Calculate the highest common factor of 2 and 7346.
2
Calculate the highest common factor of 4313 and 266.
19
Calculate the greatest common factor of 95 and 5.
5
Calculate the greatest common factor of 629 and 17.
17
Calculate the highest common divisor of 42 and 182.
14
What is the greatest common divisor of 1974 and 1504?
94
What is the greatest common factor of 2528 and 24?
8
Calculate the highest common factor of 64 and 81856.
64
What is the highest common divisor of 27 and 3?
3
Calculate the highest common factor of 210 and 6370.
70
Calculate the highest common divisor of 2484 and 69.
69
What is the greatest common factor of 7942 and 44?
22
Calculate the greatest common factor of 7098 and 156.
78
What is the highest common divisor of 25241 and 129?
43
Calculate the highest common divisor of 568 and 56.
8
What is the highest common factor of 78 and 234?
78
Calculate the greatest common factor of 81 and 9.
9
What is the greatest common factor of 125 and 12625?
125
What is the highest common factor of 288 and 36?
36
Calculate the greatest common divisor of 91 and 28847.
91
What is the highest common divisor of 27 and 747?
9
Calculate the highest common factor of 25 and 20.
5
What is the highest common divisor of 1377 and 34?
17
What is the highest common factor of 63 and 1008?
63
Calculate the highest common factor of 9 and 1377.
9
What is the highest common factor of 680 and 200?
40
What is the greatest common factor of 52 and 123604?
52
Calculate the highest common divisor of 32 and 3632.
16
What is the greatest common divisor of 528 and 2544?
48
Calculate the highest common divisor of 10 and 90.
10
Calculate the greatest common factor of 609 and 21.
21
What is the greatest common factor of 14 and 378?
14
What is the greatest common factor of 665 and 190?
95
Calculate the highest common factor of 110 and 50.
10
Calculate the greatest common factor of 8836 and 141.
47
What is the greatest common divisor of 196 and 1918?
14
Calculate the highest common factor of 2 and 46.
2
Calculate the highest common factor of 6 and 321.
3
What is the greatest common divisor of 27 and 531?
9
What is the greatest common divisor of 180 and 54?
18
What is the highest common factor of 24 and 24?
24
Calculate the highest common factor of 147 and 3577.
49
Calculate the greatest common factor of 1364 and 496.
124
What is the highest common divisor of 48 and 18?
6
What is the highest common divisor of 1573 and 2178?
121
Calculate the greatest common divisor of 4692 and 204.
204
What is the highest common factor of 11 and 187?
11
Calculate the greatest common divisor of 99 and 462.
33
What is the highest common factor of 12138 and 84?
42
Calculate the highest common factor of 60 and 5550.
30
Calculate the highest common factor of 75 and 30.
15
Calculate the highest common divisor of 865 and 40.
5
What is the highest common divisor of 507 and 4901?
169
What is the greatest common factor of 143680 and 320?
320
What is the greatest common factor of 2 and 38?
2
What is the highest common factor of 649 and 11?
11
Calculate the highest common factor of 156 and 4602.
78
Calculate the greatest common factor of 34 and 26.
2
What is the highest common factor of 65487 and 249?
249
Calculate the greatest common factor of 16372 and 4.
4
What is the highest common divisor of 50 and 1660?
10
What is the highest common divisor of 110 and 310?
10
Calculate the highest common divisor of 1689 and 3.
3
What is the highest common divisor of 2758 and 14?
14
Calculate the greatest common divisor of 159 and 106.
53
What is the highest common factor of 136 and 92?
4
Calculate the greatest common factor of 216 and 1350.
54
Calculate the highest common divisor of 16308 and 108.
108
What is the highest common divisor of 34340 and 5?
5
Calculate the highest common factor of 384 and 546.
6
What is the greatest common divisor of 117 and 99?
9
Calculate the highest common divisor of 2997 and 162.
81
Calculate the highest common factor of 1048 and 8.
8
What is the greatest common divisor of 400 and 125?
25
What is the highest common factor of 1288 and 21?
7
Calculate the highest common factor of 213 and 1207.
71
Calculate the highest common divisor of 297 and 207.
9
Calculate the greatest common factor of 11 and 6875.
11
Calculate the greatest common factor of 475 and 75.
25
What is the greatest common divisor of 15 and 9465?
15
Calculate the highest common factor of 1456 and 1232.
112
What is the greatest common factor of 11926 and 268?
134
What is the highest common divisor of 598 and 2?
2
What is the greatest common divisor of 119 and 2380?
119
What is the highest common factor of 116 and 2262?
58
What is the greatest common factor of 4440 and 48?
24
Calculate the greatest common factor of 763 and 2943.
109
Calculate the highest common divisor of 234 and 6.
6
Calculate the greatest common factor of 424 and 232.
8
What is the greatest common factor of 44 and 33?
11
What is the greatest common factor of 2304 and 45?
9
Calculate the highest common divisor of 117 and 36.
9
Calculate the highest common factor of 813 and 3.
3
What is the highest common divisor of 297 and 396?
99
What is the highest common factor of 1710 and 38?
38
Calculate the highest common divisor of 34 and 952.
34
What is the greatest common factor of 5 and 135?
5
What is the greatest common factor of 153 and 36?
9
What is the greatest common factor of 3430 and 20?
10
What is the highest common divisor of 238 and 340?
34
What is the highest common factor of 5 and 215?
5
Calculate the highest common divisor of 110 and 1265.
55
Calculate the highest common divisor of 69 and 1426.
23
Calculate the 